mon divisor of 1199974 and 584?
146
What is the greatest common divisor of 8184527 and 62?
31
What is the highest common factor of 980 and 358460?
20
What is the greatest common divisor of 10720 and 1179680?
160
Calculate the greatest common divisor of 4891 and 29857.
73
What is the greatest common factor of 984208 and 694042?
274
What is the greatest common divisor of 142 and 31918334?
142
What is the greatest common divisor of 31220 and 1031620?
20
Calculate the greatest common divisor of 19102635 and 9999.
909
Calculate the highest common divisor of 408983 and 31995.
79
Calculate the greatest common divisor of 261084688 and 48.
16
What is the greatest common divisor of 17623560 and 175960?
2120
Calculate the greatest common divisor of 75887870 and 9050.
1810
Calculate the highest common factor of 174694584 and 34.
34
What is the highest common divisor of 24609 and 1527?
3
Calculate the highest common divisor of 63 and 872511.
3
What is the highest common divisor of 6 and 133796946?
6
Calculate the highest common factor of 35 and 5423166.
7
Calculate the highest common factor of 9649368 and 28512.
648
What is the greatest common factor of 282766 and 3058?
22
What is the highest common divisor of 72261 and 57141?
63
What is the greatest common factor of 3 and 30960683?
1
What is the greatest common factor of 2636 and 17908325?
659
What is the greatest common divisor of 18276468 and 588?
84
Calculate the highest common divisor of 708660540 and 945.
315
What is the highest common divisor of 171664 and 239312?
16
Calculate the highest common divisor of 1352 and 3813823.
169
What is the highest common divisor of 7204908 and 97524?
516
Calculate the greatest common divisor of 36450 and 213435.
405
Calculate the highest common divisor of 2700 and 23758950.
150
What is the highest common factor of 1327 and 290070257?
1327
Calculate the greatest common factor of 3120 and 12381720.
1560
Calculate the highest common factor of 2195 and 34088350.
2195
Calculate the highest common factor of 27 and 12077073.
27
What is the highest common divisor of 535522 and 186331?
479
What is the highest common divisor of 80145407 and 5259?
1753
What is the highest common divisor of 190836 and 10703916?
684
What is the greatest common divisor of 570008 and 18791?
43
Calculate the highest common divisor of 7725133 and 65.
13
What is the greatest common divisor of 8 and 2097112?
8
Calculate the highest common divisor of 31500 and 2646450.
450
Calculate the greatest common factor of 31930 and 423770.
310
What is the greatest common factor of 336 and 2213078?
14
Calculate the highest common factor of 117055 and 30939635.
2855
Calculate the greatest common divisor of 1481608 and 6364.
172
What is the highest common divisor of 6 and 387902478?
6
What is the greatest common divisor of 15280 and 627160?
40
Calculate the highest common divisor of 6286313 and 264869.
1331
What is the greatest common divisor of 103305 and 83496?
213
What is the highest common factor of 654 and 1469102?
218
What is the highest common factor of 7633085 and 12104?
1513
What is the highest common divisor of 2632 and 752423?
329
Calculate the highest common divisor of 4990 and 1110464620.
4990
What is the greatest common factor of 98 and 5604494?
14
Calculate the highest common factor of 74867 and 835498.
443
Calculate the greatest common divisor of 376835 and 55.
5
Calculate the highest common factor of 3392 and 47264.
32
Calculate the greatest common factor of 860 and 13967180.
20
Calculate the highest common divisor of 24069581 and 59.
59
What is the greatest common factor of 49021 and 153321?
1043
Calculate the highest common factor of 5705 and 13315796.
163
Calculate the highest common factor of 345 and 18688305.
345
Calculate the greatest common divisor of 291648 and 47628.
588
Calculate the highest common factor of 12007268 and 455.
91
What is the highest common divisor of 624 and 233103?
39
What is the greatest common divisor of 53717528 and 4506?
1502
Calculate the greatest common divisor of 11324 and 2755.
19
What is the highest common factor of 338451 and 440259?
303
Calculate the highest common factor of 2169791 and 27413.
347
Calculate the highest common divisor of 188239 and 975241.
29
Calculate the highest common divisor of 5932546 and 15599.
821
What is the highest common factor of 19300984 and 680?
136
What is the highest common factor of 74184 and 2195453?
281
Calculate the highest common divisor of 1402997 and 2303.
47
Calculate the highest common divisor of 107998386 and 23.
23
What is the highest common divisor of 4854012 and 552?
276
Calculate the greatest common factor of 26 and 43944030.
26
Calculate the highest common factor of 603 and 50046655.
67
What is the highest common factor of 322688 and 1968?
16
What is the highest common divisor of 13465 and 37330?
5
Calculate the greatest common divisor of 622 and 231693134.
622
Calculate the highest common factor of 20220 and 2206200.
60
What is the highest common factor of 2416285 and 2405?
185
Calculate the highest common factor of 7871 and 202912.
17
Calculate the greatest common divisor of 37070840 and 14915.
785
What is the highest common divisor of 635 and 6567551?
127
What is the highest common factor of 2220054507 and 13662?
6831
Calculate the highest common factor of 10308 and 498972484.
3436
Calculate the highest common factor of 25074473 and 272.
17
What is the highest common factor of 10594725 and 375?
75
What is the highest common divisor of 824586 and 10266?
174
Calculate the greatest common factor of 23340 and 66369235.
1945
What is the greatest common divisor of 19240081 and 343?
7
What is the greatest common divisor of 11067 and 1040961?
51
Calculate the greatest common divisor of 15750753 and 7866.
57
What is the highest common divisor of 75801 and 414051?
33
What is the highest common divisor of 20925 and 683457?
93
What is the greatest common factor of 110048 and 54?
2
What is the greatest common factor of 6760 and 30440?
40
What is the greatest common factor of 16983615 and 231?
33
Calculate the highest common factor of 1520676 and 47023.
797
Calculate the greatest common divisor of 363 and 2867147877.
363
What is the highest common factor of 6815311575 and 75?
75
What is the highest common factor of 1785828 and 11454?
498
What is the highest common factor of 420189 and 19593?
21
What is the greatest common factor of 13609 and 65069?
31
What is the highest common divisor of 468 and 187304?
52
Calculate the greatest common divisor of 3 and 147910509.
3
Calculate the highest common divisor of 4075864 and 169.
13
What is the highest common factor of 4068 and 52830?
18
What is the highest common divisor of 27475521 and 1971?
219
Calculate the greatest common divisor of 1383501 and 1389.
3
What is the greatest common divisor of 3373 and 2819?
1
Calculate the greatest common factor of 253500714 and 12.
6
Calculate the highest common factor of 4380 and 25.
5
Calculate the greatest common divisor of 357041921 and 614.
307
What is the greatest common factor of 783 and 128470?
29
What is the highest common divisor of 13552 and 92116?
4
What is the highest common divisor of 75095436 and 17712?
492
What is the highest common factor of 11123034 and 77172?
354
What is the greatest common divisor of 65786 and 30254?
14
Calculate the highest common divisor of 20160 and 2129715.
315
What is the highest common factor of 47708250 and 5250?
750
Calculate the greatest common divisor of 63545 and 50120.
895
What is the greatest common factor of 171083352 and 11?
11
Calculate the highest common factor of 498 and 25899154.
166
Calculate the greatest common factor of 1259910 and 50.
10
What is the highest common divisor of 40758 and 130?
2
Calculate the highest common divisor of 817804470 and 84.
42
Calculate the greatest common divisor of 25062564 and 12.
12
Calculate the greatest common divisor of 49520 and 427540.
20
What is the highest common factor of 374405005 and 3709?
3709
What is the greatest common divisor of 731 and 46210896?
731
What is the highest common divisor of 63 and 13092282?
63
Calculate the greatest common factor of 7169 and 71271951.
107
What is the greatest common factor of 10930 and 909830?
10
Calculate the 